Suppose 10 = 2*v - 76. Let f be v + -3*(-2 - -1). Let j = -24 + f. Calculate the highest common divisor of j and 66.
22
Let a be 4 + 0 - (-14 + -54). Suppose 4*q - 164 = -s, a = 3*q + s - 52. Calculate the greatest common factor of q and 120.
40
Suppose -j - 24 = -46. Calculate the highest common factor of 1650 and j.
22
Suppose 69*o + 33*o - 408 = 0. Let a(t) = t**3 - 4*t**2 + 3*t + 4. Let n be a(4). What is the greatest common divisor of n and o?
4
Let q(k) be the third derivative of k**5/60 - 5*k**4/24 + k**3 + k**2. Let d be q(3). Suppose 4*h + h - 180 = d. What is the highest common factor of h and 12?
12
Let i(p) = 581*p - 76. Let m be i(1). What is the greatest common factor of 202 and m?
101
Suppose -3*z + 36 = -z. Let u(y) = -291*y + 2763. Let i be u(9). What is the greatest common divisor of i and z?
18
Suppose 0 = -x - 3*x + 4. Let n(j) = 27*j**2 + 2*j - 2. Let p be n(x). Calculate the highest common factor of 108 and p.
27
Suppose 13*q = -5*v + 18*q + 40, -3*v + 30 = -5*q. What is the highest common divisor of v and 245?
5
Suppose 3*c + 560 = -5*c. Let m = 74 + c. What is the greatest common divisor of 16 and m?
4
Suppose 2*b - 1040 = -4*h - 2*b, h - 3*b - 260 = 0. What is the highest common factor of h and 60?
20
Let z = 30 + -28. Let q be (z - 0) + -4 + 8. What is the highest common factor of q and 18?
6
Suppose 11*h + 40 = 19*h. Let v(q) = q**2 - 7. Let n be v(h). What is the highest common divisor of n and 36?
18
Suppose -2*h - 3*s = -3 + 7, 0 = 5*h + 2*s + 10. Let i be -195*4*(0 + h)/20. Calculate the highest common factor of 26 and i.
26
Suppose -52211 = -22*u - 11511. Calculate the greatest common factor of 148 and u.
74
Suppose -8*h + 2*r = -3*h + 36, 0 = -5*h + r - 33. Let c be (h/9)/(6/(-189)). What is the highest common factor of 168 and c?
21
Let o be -1*((-2 - -1) + 10). Let u = 5 - o. Suppose 4*z - 66 = -5*w, 29*w - 33*w + 36 = 2*z. Calculate the greatest common divisor of z and u.
14
Suppose 331 = 26*f - 1125. What is the greatest common factor of f and 504?
56
Let x = 250 - 160. Suppose -5*b = -2*b - 9. Suppose -b*u - u = -144. What is the highest common factor of u and x?
18
Suppose 0 = -3*w + 4*c + 1542, 5*w + 7*c = 10*c + 2581. Calculate the highest common factor of w and 14.
14
Suppose 3*y = 2*y + 20. Let z = -189 + 397. Let a = 428 - z. What is the highest common divisor of a and y?
20
Let r(z) = 2*z + 6. Let s be r(5). Let q(a) = a**2 + 2*a. Let x be q(6). Calculate the greatest common factor of x and s.
16
Suppose -5*m = -m + 80. Let s be 1/((-12)/m)*1*18. Suppose -v + 147 = 2*i, -2*v = 3*i - 0*v - 219. What is the greatest common divisor of i and s?
15
Suppose 9*v - 4*v = -40. Let o be (-5)/(-20) + (-894)/v. What is the highest common factor of 14 and o?
14
Suppose k + 665 = 6*k. Suppose 3*r - 194 = -4*l, 3*r - 5*r + l = -k. What is the greatest common factor of 6 and r?
6
Suppose -5*d + 2690 = -4*m + 570, 0 = -d - 2*m + 410. What is the greatest common factor of 56 and d?
28
Suppose 3*n - 23 = -y, -2*n - 45 = -7*n - 5*y. Let r be (-4 + n)/((-1)/(-15)). What is the greatest common factor of r and 9?
9
Suppose -g = 4*d - d - 19, 21 = g + 5*d. Suppose -3*f + 2*f = -192. Suppose -2*v + f = -0*v. Calculate the highest common divisor of g and v.
16
Let q = -72 + 108. Suppose -16*s + 2143 - 703 = 0. Calculate the highest common factor of q and s.
18
Let s be (-1)/((-6)/(-8) - 1). Let r(z) = 74*z - 120. Let u be r(2). What is the highest common factor of s and u?
4
Suppose w + 1 = 0, -4*l = -0*l + 5*w - 163. Suppose 0 = -r - l + 46. What is the highest common factor of r and 20?
4
Let s be 0 - (-63)/5 - (-4)/10. Suppose -w - 5 = -2*w - p, -10 = -2*p. Suppose w = -3*i, -i = 5*o - 2*o - 429. Calculate the highest common divisor of o and s.
13
Let n be 9 + (3 - 2) + (-4 - -3). Suppose 216 = -n*x + 1152. What is the highest common factor of x and 13?
13
Suppose -176 = 4*g - 2*y - 16, 47 = -g - 3*y. Let q = g - -64. Let n = 77 + 84. What is the highest common divisor of n and q?
23
Let x be -4*(-1)/2 - 1. Let s = 4 + -1. Suppose -s*c - 7 = -19. What is the highest common divisor of x and c?
1
Let b = 32 + -2. Suppose -3*m + 14 = 2*v, 8*v = 3*v - 5*m + b. Calculate the highest common factor of v and 20.
4
Let v(j) = 4*j**2 - j - 4. Let p be v(-2). Suppose 9*k = p*k - 100. What is the highest common factor of k and 50?
10
Suppose -4*w = 3*w - 16457. Suppose 381 = 4*q - w. Suppose 0 = 3*u - q + 179. Calculate the greatest common factor of u and 21.
21
Suppose 18 = 8*w - 46. Let n be 2/(-4) - (-1924)/w. What is the highest common divisor of n and 15?
15
Let a(d) = -d**2 + 12*d - 1. Let r be a(5). Let i = r + -4. What is the highest common divisor of i and 90?
30
Suppose 2974 = -6*i + 6640. What is the highest common factor of i and 141?
47
Let t(f) = 15*f**2 - 3*f + 104. Let r be t(-8). Calculate the highest common factor of 17 and r.
17
Let d be (-10)/8 - (-4)/16. Let o be 2/1 - d/1. What is the highest common divisor of 21 and o?
3
Let c = -849 + 1004. Calculate the greatest common factor of c and 30.
5
Let b(h) = 585*h**2 + 8*h + 1. Let f be b(-1). Calculate the greatest common divisor of f and 34.
34
Suppose 5*l = -0*l + 50. Suppose 5*n - 15 + 44 = 3*f, -38 = -f - 4*n. Suppose 14*g - f*g = -40. What is the highest common divisor of g and l?
10
Let w be 36/42 + 2 + 9012/21. What is the greatest common divisor of 16 and w?
16
Let m(i) be the third derivative of i**5/30 + i**4/8 - 2*i**3/3 - 19*i**2. Let t be m(4). Calculate the greatest common divisor of t and 60.
20
Suppose 29*j = j + 12348. What is the highest common factor of j and 49?
49
Suppose -4*q + 5*s = 16, q + 5 - 1 = -s. Let b be (9 + 1)*(q - -7). Suppose 5*g + b = 8*g. Calculate the highest common factor of 40 and g.
10
Suppose 5*q - 4*c - 183 = 308, 4*q + 2*c - 372 = 0. What is the greatest common factor of 38 and q?
19
Let m be 0 + 0 + 1 + 23. Let v = -1274 - -1310. Calculate the highest common factor of v and m.
12
Let y be (-6434)/(-14) - (90/35 - 3). What is the highest common divisor of 20 and y?
20
Let d(z) = 6*z + 22. Let m be d(-3). Suppose -2*y + 58 = 4*h - 124, -h + m*y + 41 = 0. Calculate the greatest common divisor of 75 and h.
15
Let t be (2 + -38)/(-2) + 2. Let w be 4/(-2)*-1 - 0. Suppose -n + 24 = w*n. Calculate the greatest common factor of t and n.
4
Suppose 0 = -2*s - 2*u + 5*u + 45, 3*s - 4*u - 67 = 0. Calculate the greatest common factor of s and 147.
21
Suppose -j - 5*q + 60 = 0, -j - 165 = -5*j + 5*q. Suppose 0 = -2*a - 5*t + 2*t + 45, 2*a = -t + 55. Calculate the highest common divisor of a and j.
15
Let i be 1 - (1*-8)/4. Suppose 0 = -4*o + 4*h + 20, 5*o - 4*o - 9 = i*h. Let b be 19/(o/(-54)*-2). Calculate the highest common divisor of 19 and b.
19
Suppose 5*t - 245 = -5*q, -7*q + 12*q - 213 = 3*t. What is the greatest common divisor of 495 and q?
45
Let t(k) = -9*k + 7*k**2 + k**3 + 3 + 2 - 1. Let m be t(-8). What is the highest common divisor of 30 and m?
6
Suppose 34 = -4*q + 322. Suppose -5*o + 4*r + 28 = 0, 4*o - 5*r - 17 = -0*o. What is the greatest common divisor of q and o?
8
Let p be 81*4 + 0/(-7). Calculate the highest common divisor of 6 and p.
6
Let c(a) = -a**2 + 15*a - 12. Let j be c(14). Suppose 0 = z - 0*z - j. Let x be (-21)/(-12) - z/(-8). What is the greatest common factor of 14 and x?
2
Suppose -33*d + 891 = -990. What is the highest common divisor of 9 and d?
3
Suppose 30*m - 43466 - 14284 = 0. Calculate the greatest common factor of m and 77.
77
Let v be ((-42)/(-35))/((-4)/(-10)). Suppose -v*z + 3*f + 3 = -9, -4*z = f - 21. Suppose -z*l + 35 = 5. What is the greatest common factor of 54 and l?
6
Let l = -44 + 51. Suppose -3*a + 3 + 6 = -2*o, -4*o - 3*a = -9. Suppose t - l*t + 192 = o. What is the highest common divisor of t and 80?
16
Let a be ((-6)/4)/(27/(-720)). Suppose -j + 10 = -0*j. Suppose 3*b = 2*b + j. What is the highest common factor of a and b?
10
Let u(d) = 8*d**2 + 10*d - 25. Let x be u(3). What is the highest common factor of x and 33?
11
Suppose 35*d - 30*d - 90 = 0. Calculate the highest common factor of 4 and d.
2
Let x = -799 - -1625. Calculate the greatest common factor of x and 14.
14
Let g(y) = 1 + 3 - 3 + 0*y + 4*y. Let n be g(4). Let v be (0 + 0)/1 + 119. What is the greatest common f